rs of 3613.
3613
List the prime factors of 10417.
11, 947
What are the prime factors of 7990?
2, 5, 17, 47
List the prime factors of 5808.
2, 3, 11
List the prime factors of 1507.
11, 137
What are the prime factors of 187?
11, 17
List the prime factors of 46922.
2, 29, 809
List the prime factors of 488.
2, 61
List the prime factors of 37203.
3, 12401
What are the prime factors of 8468?
2, 29, 73
What are the prime factors of 3141?
3, 349
What are the prime factors of 948?
2, 3, 79
List the prime factors of 3345.
3, 5, 223
List the prime factors of 10886.
2, 5443
List the prime factors of 8823.
3, 17, 173
What are the prime factors of 1537?
29, 53
What are the prime factors of 1010?
2, 5, 101
What are the prime factors of 11099?
11, 1009
What are the prime factors of 745?
5, 149
List the prime factors of 37140.
2, 3, 5, 619
List the prime factors of 4529.
7, 647
What are the prime factors of 6787?
11, 617
What are the prime factors of 21062?
2, 10531
What are the prime factors of 50818?
2, 25409
List the prime factors of 8770.
2, 5, 877
What are the prime factors of 7539?
3, 7, 359
What are the prime factors of 5?
5
List the prime factors of 4144.
2, 7, 37
What are the prime factors of 13374?
2, 3, 743
List the prime factors of 5961.
3, 1987
List the prime factors of 509.
509
List the prime factors of 1736.
2, 7, 31
List the prime factors of 10422.
2, 3, 193
List the prime factors of 124.
2, 31
What are the prime factors of 894?
2, 3, 149
List the prime factors of 6620.
2, 5, 331
List the prime factors of 1553.
1553
List the prime factors of 2277.
3, 11, 23
What are the prime factors of 1217?
1217
What are the prime factors of 32843?
32843
What are the prime factors of 16402?
2, 59, 139
What are the prime factors of 70957?
70957
What are the prime factors of 18899?
18899
What are the prime factors of 4455?
3, 5, 11
List the prime factors of 1383.
3, 461
What are the prime factors of 9795?
3, 5, 653
List the prime factors of 8456.
2, 7, 151
What are the prime factors of 13019?
47, 277
List the prime factors of 7714.
2, 7, 19, 29
What are the prime factors of 6439?
47, 137
What are the prime factors of 52476?
2, 3, 4373
List the prime factors of 194.
2, 97
List the prime factors of 511.
7, 73
What are the prime factors of 151333?
7, 13, 1663
List the prime factors of 44423.
31, 1433
List the prime factors of 13756.
2, 19, 181
List the prime factors of 10968.
2, 3, 457
List the prime factors of 80.
2, 5
What are the prime factors of 2828?
2, 7, 101
What are the prime factors of 7797?
3, 23, 113
What are the prime factors of 472?
2, 59
List the prime factors of 591.
3, 197
What are the prime factors of 891?
3, 11
What are the prime factors of 335?
5, 67
What are the prime factors of 1989?
3, 13, 17
List the prime factors of 3529.
3529
List the prime factors of 21217.
7, 433
What are the prime factors of 107144?
2, 59, 227
What are the prime factors of 152?
2, 19
What are the prime factors of 28724?
2, 43, 167
List the prime factors of 15400.
2, 5, 7, 11
List the prime factors of 1003.
17, 59
What are the prime factors of 1134?
2, 3, 7
List the prime factors of 66411.
3, 47, 157
List the prime factors of 359.
359
List the prime factors of 7177.
7177
List the prime factors of 6221.
6221
List the prime factors of 64851.
3, 21617
What are the prime factors of 6344?
2, 13, 61
What are the prime factors of 76357?
29, 2633
List the prime factors of 7062.
2, 3, 11, 107
List the prime factors of 3045.
3, 5, 7, 29
What are the prime factors of 1901?
1901
What are the prime factors of 1095?
3, 5, 73
What are the prime factors of 436?
2, 109
List the prime factors of 318.
2, 3, 53
List the prime factors of 54794.
2, 27397
List the prime factors of 99549.
3, 1229
What are the prime factors of 1156?
2, 17
List the prime factors of 4928.
2, 7, 11
List the prime factors of 7269.
3, 2423
List the prime factors of 15920.
2, 5, 199
List the prime factors of 132.
2, 3, 11
What are the prime factors of 43344?
2, 3, 7, 43
List the prime factors of 10842.
2, 3, 13, 139
What are the prime factors of 955?
5, 191
List the prime factors of 2049.
3, 683
List the prime factors of 2090.
2, 5, 11, 19
What are the prime factors of 9067?
9067
What are the prime factors of 12228?
2, 3, 1019
List the prime factors of 26798.
2, 13399
What are the prime factors of 7910?
2, 5, 7, 113
List the prime factors of 1414.
2, 7, 101
What are the prime factors of 1724?
2, 431
What are the prime factors of 135265?
5, 13, 2081
What are the prime factors of 15636?
2, 3, 1303
What are the prime factors of 5093?
11, 463
List the prime factors of 5255.
5, 1051
List the prime factors of 37037.
7, 11, 13, 37
List the prime factors of 84236.
2, 21059
What are the prime factors of 372?
2, 3, 31
List the prime factors of 8487.
3, 23, 41
List the prime factors of 3097.
19, 163
What are the prime factors of 130?
2, 5, 13
What are the prime factors of 939?
3, 313
List the prime factors of 14283.
3, 23
List the prime factors of 1551.
3, 11, 47
List the prime factors of 12076.
2, 3019
What are the prime factors of 19901?
7, 2843
What are the prime factors of 7128?
2, 3, 11
List the prime factors of 23026.
2, 29, 397
List the prime factors of 10709.
10709
What are the prime factors of 1092?
2, 3, 7, 13
What are the prime factors of 241?
241
What are the prime factors of 13751?
13751
List the prime factors of 57953.
7, 17, 487
List the prime factors of 115318.
2, 7, 8237
What are the prime factors of 45383?
13, 3491
List the prime factors of 12003.
3, 4001
What are the prime factors of 73?
73
What are the prime factors of 71700?
2, 3, 5, 239
What are the prime factors of 10019?
43, 233
What are the prime factors of 32343?
3, 10781
What are the prime factors of 59121?
3, 6569
What are the prime factors of 2640?
2, 3, 5, 11
List the prime factors of 1362.
2, 3, 227
List the prime factors of 629.
17, 37
What are the prime factors of 2949?
3, 983
List the prime factors of 36288.
2, 3, 7
List the prime factors of 13310.
2, 5, 11
What are the prime factors of 498?
2, 3, 83
List the prime factors of 34059.
3, 11353
What are the prime factors of 1941?
3, 647
List the prime factors of 4091.
4091
What are the prime factors of 24982?
2, 12491
What are the prime factors of 78310?
2, 5, 41, 191
What are the prime factors of 27518?
2, 13759
List the prime factors of 2248.
2, 281
List the prime factors of 9466.
2, 4733
What are the prime factors of 1165?
5, 233
What are the prime factors of 24132?
2, 3, 2011
What are the prime factors of 132156?
2, 3, 3671
What are the prime factors of 50625?
3, 5
List the prime factors of 32923.
11, 41, 73
List the prime factors of 5101.
5101
What are the prime factors of 426?
2, 3, 71
What are the prime factors of 10221?
3, 3407
What are the prime factors of 876?
2, 3, 73
List the prime factors of 15516.
2, 3, 431
What are the prime factors of 136369?
31, 53, 83
What are the prime factors of 1364?
2, 11, 31
What are the prime factors of 46982?
2, 13, 139
What are the prime factors of 1410?
2, 3, 5, 47
List the prime factors of 1130.
2, 5, 113
List the prime factors of 11177.
11177
What are the prime factors of 1050?
2, 3, 5, 7
List the prime factors of 24665.
5, 4933
List the prime factors of 2172.
2, 3, 181
What are the prime factors of 84404?
2, 21101
What are the prime factors of 12370?
2, 5, 1237
What are the prime factors of 14385?
3, 5, 7, 137
List the prime factors of 6789.
3, 31, 73
What are the prime factors of 40501?
101, 401
List the prime factors of 109275.
3, 5, 31, 47
List the prime factors of 116463.
3, 38821
What are the prime factors of 633?
3, 211
List the prime factors of 1234.
2, 617
What are the prime factors of 76839?
3, 7, 3659
List the prime factors of 509.
509
List the prime factors of 156.
2, 3, 13
What are the prime factors of 10076?
2, 11, 229
What are the prime factors of 183?
3, 61
List the prime factors of 7156.
2, 1789
What are the prime factors of 6757?
29, 233
What are the prime factors of 14617?
47, 311
What are the prime factors of 9404?
2, 2351
What are the prime factors of 71397?
3, 7933
What are the prime factors of 37911?
3, 12637
What are the prime factors of 1946?
2, 7, 139
List the prime factors of 123738.
2, 3, 41, 503
What are the prime facto